der when x is divided by 3?
2
What is the remainder when 25 is divided by ((-20)/(-25))/((-2)/(-35))?
11
Suppose 0*y = 4*c - y - 167, -79 = -2*c + 5*y. Suppose 5*k - 2*k = c. What is the remainder when 26 is divided by k?
12
Suppose 4*w = 3*w + 12. Suppose 0 = -4*b + 5*n - 1 + 3, -3*b - 1 = -5*n. Let p(v) = 8*v - 1. What is the remainder when p(b) is divided by w?
11
Let h be (-4 - 1)*(-12)/(-10). Let s(y) = -7 - 6*y**2 - y - y**3 + 0*y**2 + 10. What is the remainder when 17 is divided by s(h)?
8
Suppose -5*r - 27 = 2*s - 127, -2*r + 11 = -5*s. Calculate the remainder when (-4)/r - (-1384)/72 is divided by 10.
9
Suppose -3*x = -2*x + 1, 41 = 2*d - 3*x. Suppose 4*j - 1 = d. Suppose j*w - 2*w = 81. Calculate the remainder when w is divided by 14.
13
Suppose n + 5 = 0, 32 = 5*q - q - 4*n. Let x be (4/q)/(2/3). What is the remainder when 7 is divided by x - 0 - (0 - 2)?
3
Suppose -5*r - 64 = -3*r. Let t = r - -23. What is the remainder when 24 is divided by (-8)/4 + (2 - t)?
6
Suppose -b + 32 + 13 = 0. Calculate the remainder when 27 is divided by (-8)/(-3)*b/12.
7
Let q be (-3 + 2)*-1 + 2. Suppose 0 = 3*u - 5*p - 65, p + q*p - 44 = -4*u. Calculate the remainder when u is divided by 6.
3
Let l(p) = -2*p**2 + 19*p - 14. Calculate the remainder when 125 is divided by l(7).
20
Let q = -1 + 1. Let f = q - -3. Let x(v) = 8*v - 149. Calculate the remainder when x(20) is divided by f.
2
Suppose 5*g = -g + 84. Calculate the remainder when 26 is divided by g.
12
Suppose -4*d = -240 - 40. Suppose 0 = u - 6*u + d. What is the remainder when 41 is divided by u?
13
What is the remainder when 34 - (-4)/(-1 + 0) is divided by 8?
6
Let a(t) = 4*t + 1. Let f(o) = 2*o + 1. Let z(v) = -3*a(v) + 5*f(v). Let u = -1 + -2. What is the remainder when z(u) is divided by 3?
2
What is the remainder when 112 is divided by (-548)/(-24) + 2/12?
20
Let w = 76 + -1. Let m = w - 22. Calculate the remainder when m is divided by 14.
11
Let m(h) = 12*h + 6. What is the remainder when m(5) is divided by 29?
8
Suppose g = -0*g + 100. Suppose -2*h = 3*h - g. Calculate the remainder when 39 is divided by h.
19
What is the remainder when (-7*(-6)/9)/(4/6) is divided by 2?
1
Let k(g) = g - 2. What is the remainder when (-13)/2*(-1 - 1) is divided by k(6)?
1
Suppose f + 6 = 32. What is the remainder when 49 is divided by f?
23
Suppose 75 = 3*y + 3*g, -4*y - 2*g = g - 97. What is the remainder when 42 is divided by y?
20
Let o = 1 + 17. Calculate the remainder when 88 is divided by o.
16
Suppose 0*o - 5*o + 234 = -2*g, -5*g = 4*o - 207. Calculate the remainder when o is divided by 25.
23
Let h = 301 + -50. Calculate the remainder when h is divided by 14.
13
Suppose 5*m + g - 231 - 21 = 0, 150 = 3*m + g. Calculate the remainder when m is divided by 26.
25
Suppose 22*v + 995 = 4119. Calculate the remainder when v is divided by 36.
34
Suppose -6*n + 4*k + 95 = -n, 4*n = -5*k + 35. Let u = 93 + -51. What is the remainder when u is divided by n?
12
Suppose 42 = 2*n - 5*f, 3*f + 2*f = -n + 6. Suppose -4*g + 4 + 12 = 0, 5*g = -3*a - 13. Let m = a + n. What is the remainder when 7 is divided by m?
2
Let p = 90 + -64. Calculate the remainder when 50 is divided by p.
24
Suppose -2*t = 2*v + 10, v - 6*v - 4 = -2*t. What is the remainder when (t/2)/(1/(-20)) is divided by 11?
8
Let z = 276 + -194. Suppose 2*p + 28 = k + 126, -2*p - 3*k + z = 0. Calculate the remainder when (-1 - p - 1)/(-1) is divided by 13.
10
Suppose 4*r = 2*h - 84, 133 = 2*h + h + r. Suppose -5 = -b - 1. Suppose 34 = 2*i + b. Calculate the remainder when h is divided by i.
14
Let r(p) = -p - 1. Let f(n) = n - 7. Let c(o) = -f(o) - 2*r(o). What is the remainder when (-125)/(-4) - (-2)/(-8) is divided by c(7)?
15
Suppose 0 = -2*d + 3*d - 10. What is the remainder when d is divided by (-8)/(-1) - 2/1?
4
Let k(b) = b**3 + b**2 + 7*b + 12. Let x = -28 - -121. Let y = x + -48. What is the remainder when y is divided by k(0)?
9
Let l(v) = v**2 - 3*v - 7. Calculate the remainder when 81 is divided by l(7).
18
Suppose 0 = n - 19 + 7. What is the remainder when 20 is divided by n?
8
Let u = 27 - 16. Let f = 113 + -95. What is the remainder when f is divided by u?
7
Let x = 50 - -96. Calculate the remainder when x is divided by 37.
35
Let r(v) = v**3 - 13*v**2 + 13*v - 5. Calculate the remainder when r(12) is divided by 7.
0
Suppose -5*c + 105 = -2*c. Calculate the remainder when c is divided by 19.
16
Suppose -3*z - 5*l + 25 = 0, 2*l = 4*z - 2*z - 6. Suppose 0 = j + 2*j. Let v = j + z. Calculate the remainder when v is divided by 3.
2
Let n = 5 + 2. Suppose 5*i + 3*z + 9 = 36, -2*z = -3*i + 1. Suppose 5*u - 15 - 7 = -g, u - 10 = -i*g. What is the remainder when n is divided by u?
3
Let m(o) = o**2 + 4*o + 4. Let p be m(-4). Suppose -3*i - p = 32. Let n = -8 - i. Calculate the remainder when n is divided by 3.
1
Let y = 336 + -224. Suppose 5*j + 3*x = 112, 14 = 4*j - 5*x - 83. Calculate the remainder when y is divided by j.
20
Let z = 5 + 0. Suppose 0 = -3*i + 15, -z*s + 75 = -0*i + 4*i. Calculate the remainder when 20 is divided by s.
9
Suppose 2*y + 2 = 3*y. Calculate the remainder when 6 is divided by y.
0
Let y be -4*(-3 - 255/(-12)). Let h = 120 + y. Calculate the remainder when h is divided by 12.
11
Let j = 52 - 32. Calculate the remainder when j is divided by 12.
8
Let v(p) = p**3 - p**2 - 4*p + 6. Let t be v(4). Suppose t = w - 0*w. Let s = -2 - -12. Calculate the remainder when w is divided by s.
8
Let v(a) = -6*a - 2. Calculate the remainder when v(-4) is divided by 6.
4
Let z(v) = -v**2 - 13*v + 16. Calculate the remainder when 6 is divided by z(-14).
0
Let m = -26 + 106. What is the remainder when m is divided by 27?
26
Suppose 3*w - 4 = w. Suppose z + 2*z - p - 65 = 0, w*p = -4*z + 90. Calculate the remainder when 64 is divided by z.
20
Let n = 122 + -64. Calculate the remainder when n is divided by 6.
4
Calculate the remainder when 86 + (1 - 10/(-5)) is divided by 30.
29
Let m(q) = -3 - 3*q + 0 + 0*q + 2. What is the remainder when m(-4) is divided by 4?
3
Let i(j) = 7*j + 1. Let q(r) = -r**3 - r**2 + r + 4. Let a be q(0). What is the remainder when i(4) is divided by 16/20*50/a?
9
Let p = 17 - 14. What is the remainder when 47 is divided by 7 + (3 - (-3 + p))?
7
Let y(t) = -2*t - 12. Let s be -4*(-1)/(-4)*13. What is the remainder when 25 is divided by y(s)?
11
Let c be ((-10)/4)/(2/4). Let f(d) = -d**3 - 4*d**2 + 6*d + 1. Let r be f(c). Calculate the remainder when ((-30)/(-20))/((-2)/r) is divided by 1.
0
Let w be (-1)/5 - (-201)/5. Suppose 3*x + x - w = 0. Let c(g) = 2*g**2 - 2*g + 4. What is the remainder when c(-3) is divided by x?
8
Let z(f) = 14*f**2 + f + 35. Let k(a) = 5*a**2 + 12. Let v(q) = 17*k(q) - 6*z(q). Suppose -6*r + 140 = -r. Calculate the remainder when r is divided by v(8).
8
Let m = 1 + 2. Suppose -l - 3*p + 14 = -1, 0 = -m*l - 3*p + 27. Calculate the remainder when 10 is divided by l.
4
Calculate the remainder when 10 is divided by (1/(-4))/(2/(-16)).
0
Let z = 228 + -132. Calculate the remainder when z is divided by 25.
21
Let h be 21*4/6 + -2. Suppose -5*u + 33 + h = 0. Suppose -7*i + 119 = -0*i. Calculate the remainder when i is divided by u.
8
Suppose -3*o + 1 = -4*o. Let l be 0 - (-3 + 0 - o). Suppose -l*x + 24 = -x. What is the remainder when x is divided by 9?
6
Let u(y) = 32*y**2 + 6*y + 2. Calculate the remainder when u(-2) is divided by 30.
28
Let q = 19 + -12. Let h be ((-4)/(-10))/((-1)/20). Let f = h - -21. Calculate the remainder when f is divided by q.
6
Let p(n) = n**3 + 16*n**2 + 14*n - 7. What is the remainder when 61 is divided by p(-15)?
5
What is the remainder when 40 is divided by 1092/(-104)*8/(-6)*1?
12
Let t(l) = 12*l - 24. What is the remainder when 31 is divided by t(3)?
7
Let o = -8 - -20. Suppose 4*t + 0 = -4*p + 60, p - 3*t + 1 = 0. What is the remainder when p*3*4/6 is divided by o?
10
Suppose 9*q = 2*q + 231. Calculate the remainder when 295 is divided by q.
31
Suppose 4*i = 2*v + v - 2, -3*v + 7 = i. Suppose -2*r + 4*o - 24 = 0, -o - 11 = -2*r - 4*o. Calculate the remainder when 10 is divided by (-1)/r + 7/v.
2
Suppose -3*g + 3*d = -30, 4*g + 4*d - 2*d - 16 = 0. Suppose n + 1 = g. Suppose 5 - 115 = -n*q. What is the remainder when q is divided by 12?
10
Suppose 5*x + 6